{"id":3,"date":"2026-04-15T12:46:39","date_gmt":"2026-04-15T12:46:39","guid":{"rendered":"http:\/\/canoes-vincelottes.com\/?page_id=3"},"modified":"2026-04-17T11:48:32","modified_gmt":"2026-04-17T11:48:32","slug":"privacy-policy","status":"publish","type":"page","link":"https:\/\/canoes-vincelottes.com\/index.php\/privacy-policy\/","title":{"rendered":"MENTIONS L\u00c9GALES"},"content":{"rendered":"\n<h2 class=\"wp-block-heading\">1. \u00c9diteur du site<\/h2>\n\n\n\n<p class=\"has-contrast-color has-text-color has-link-color wp-elements-63060bb0355400e165994b77c68156a9\">Le pr\u00e9sent site Cano\u00ebs Vincelottes est \u00e9dit\u00e9 par :<\/p>\n\n\n\n<p class=\"has-contrast-color has-text-color has-link-color wp-elements-93ab2b2a7bfb09c6227c797c470db08b\">Nom \/ Responsable : Philippe GOURMAND<br>Adresse : 7 rue Saint-Martin, 89290 Vincelottes<br>T\u00e9l\u00e9phone : 06 60 34 79 40<\/p>\n\n\n\n<p class=\"has-contrast-color has-text-color has-link-color wp-elements-0dd55f7700ea07c9e6fa65f74eb2bb9b\">Statut : Auto-entrepreneur<\/p>\n\n\n\n<hr class=\"wp-block-separator has-alpha-channel-opacity\"\/>\n\n\n\n<h2 class=\"wp-block-heading\">2. H\u00e9bergement<\/h2>\n\n\n\n<p class=\"has-contrast-color has-text-color has-link-color wp-elements-8cabb360dfa0307a4776d6c8c6280a12\">Le site est h\u00e9berg\u00e9 par :<\/p>\n\n\n\n<p class=\"has-contrast-color has-text-color has-link-color wp-elements-b40fbafb2d2687e08bf6a69836526f6b\">OVHcloud<br>2 rue Kellermann<br>59100 Roubaix \u2013 France<br>Site web : <a href=\"https:\/\/www.ovhcloud.com\">https:\/\/www.ovhcloud.com<\/a><\/p>\n\n\n\n<hr class=\"wp-block-separator has-alpha-channel-opacity\"\/>\n\n\n\n<h2 class=\"wp-block-heading\">3. Activit\u00e9<\/h2>\n\n\n\n<p class=\"has-contrast-color has-text-color has-link-color wp-elements-58c1eeb0675919b1c46b02df8508146f\">Le site Cano\u00ebs Vincelottes propose un service de location de cano\u00ebs et paddles pour la d\u00e9couverte de parcours sur l\u2019Yonne, entre Cravant, Vincelles, Vincelottes et Bailly.<\/p>\n\n\n\n<hr class=\"wp-block-separator has-alpha-channel-opacity\"\/>\n\n\n\n<h2 class=\"wp-block-heading\">4. Propri\u00e9t\u00e9 intellectuelle<\/h2>\n\n\n\n<p class=\"has-contrast-color has-text-color has-link-color wp-elements-5c16fdf4d755f39fd5a1c1325c5bdd7e\">L\u2019ensemble des contenus pr\u00e9sents sur ce site (textes, images, logo) est la propri\u00e9t\u00e9 de Cano\u00ebs Vincelottes, sauf mention contraire.<br>Toute reproduction ou utilisation sans autorisation est interdite.<\/p>\n\n\n\n<hr class=\"wp-block-separator has-alpha-channel-opacity\"\/>\n\n\n\n<h2 class=\"wp-block-heading\">5. Donn\u00e9es personnelles<\/h2>\n\n\n\n<p class=\"has-contrast-color has-text-color has-link-color wp-elements-7c291b3bf565796bbbf5ad15fb5570b9\">Ce site ne collecte pas de donn\u00e9es personnelles via formulaire.<\/p>\n\n\n\n<p class=\"has-contrast-color has-text-color has-link-color wp-elements-ec2ef80cf9115219f593b085fa3802a5\">Toutefois, des services tiers comme Google Maps peuvent d\u00e9poser des cookies n\u00e9cessaires \u00e0 leur fonctionnement.<\/p>\n\n\n\n<p class=\"has-contrast-color has-text-color has-link-color wp-elements-a74a17ecb27dd28d2ef51b256189690c\">Aucune donn\u00e9e personnelle n\u2019est vendue ni utilis\u00e9e \u00e0 des fins commerciales.<\/p>\n\n\n\n<hr class=\"wp-block-separator has-alpha-channel-opacity\"\/>\n\n\n\n<h2 class=\"wp-block-heading\">6. Contact<\/h2>\n\n\n\n<p class=\"has-contrast-color has-text-color has-link-color wp-elements-6afb6daabedf170241c4d241ca96025c\">Pour toute question, vous pouvez nous contacter au :<\/p>\n\n\n\n<p class=\"has-contrast-color has-text-color has-link-color wp-elements-8a4febfa8be8780203ba4f1ae5b1a3a6\">06 60 34 79 40<br><\/p>\n","protected":false},"excerpt":{"rendered":"<p>1. \u00c9diteur du site Le pr\u00e9sent site Cano\u00ebs Vincelottes est \u00e9dit\u00e9 par : Nom \/ Responsable : Philippe GOURMANDAdresse : 7 rue Saint-Martin, 89290 VincelottesT\u00e9l\u00e9phone : 06 60 34 79 40 Statut : Auto-entrepreneur 2. H\u00e9bergement Le site est h\u00e9berg\u00e9 par : OVHcloud2 rue Kellermann59100 Roubaix \u2013 FranceSite web : https:\/\/www.ovhcloud.com 3. Activit\u00e9 Le site [&hellip;]<\/p>\n","protected":false},"author":1,"featured_media":0,"parent":0,"menu_order":0,"comment_status":"closed","ping_status":"closed","template":"page-no-title","meta":{"footnotes":""},"class_list":["post-3","page","type-page","status-publish","hentry"],"_links":{"self":[{"href":"https:\/\/canoes-vincelottes.com\/index.php\/wp-json\/wp\/v2\/pages\/3","targetHints":{"allow":["GET"]}}],"collection":[{"href":"https:\/\/canoes-vincelottes.com\/index.php\/wp-json\/wp\/v2\/pages"}],"about":[{"href":"https:\/\/canoes-vincelottes.com\/index.php\/wp-json\/wp\/v2\/types\/page"}],"author":[{"embeddable":true,"href":"https:\/\/canoes-vincelottes.com\/index.php\/wp-json\/wp\/v2\/users\/1"}],"replies":[{"embeddable":true,"href":"https:\/\/canoes-vincelottes.com\/index.php\/wp-json\/wp\/v2\/comments?post=3"}],"version-history":[{"count":4,"href":"https:\/\/canoes-vincelottes.com\/index.php\/wp-json\/wp\/v2\/pages\/3\/revisions"}],"predecessor-version":[{"id":209,"href":"https:\/\/canoes-vincelottes.com\/index.php\/wp-json\/wp\/v2\/pages\/3\/revisions\/209"}],"wp:attachment":[{"href":"https:\/\/canoes-vincelottes.com\/index.php\/wp-json\/wp\/v2\/media?parent=3"}],"curies":[{"name":"wp","href":"https:\/\/api.w.org\/{rel}","templated":true}]}}